Let c be q(-13). Let m = -28 + c. Suppose -m*d + 40 = 2*d. What is the remainder when 7 is divided by d?
2
Suppose 2*p + 10*z - 1679 = 7*z, -3*p + 5*z + 2509 = 0. What is the remainder when p is divided by 819?
19
Suppose 28623 = 2*z - 5*w + 1633, 2*w - 53908 = -4*z. What is the remainder when z is divided by 107?
105
Suppose 223 - 263 = 8*x. What is the remainder when 324/3 - -2*1 is divided by (x/(-10) + -4)*56/(-14)?
12
Let k(l) = l**2 + 2*l - 2. Let f be k(2). Suppose -4*z + 5*z - f = 0. What is the remainder when 58 is divided by z/3 + (-90)/(-5)?
18
Let h = 217 + -189. What is the remainder when (-7)/(h/(-892)) - -1 is divided by 15?
14
What is the remainder when (-30)/1*726/(-55) is divided by 115?
51
Suppose -8*w = 3*t - 6*w - 1623, 5*t - 2705 = 2*w. Calculate the remainder when t is divided by 140.
121
Let p(h) = -19*h**2 - 25*h + 74. Let u(s) = -15*s**2 - 24*s + 73. Let b(x) = 4*p(x) - 5*u(x). Calculate the remainder when 149 is divided by b(10).
25
Let p = 278 - 184. Suppose f + 3*f - 7 = -a, -5*f = 3*a. Suppose -4*b = b - 10, 2*s - 38 = -f*b. What is the remainder when p is divided by s?
14
Let k be 30/75 + (-1896)/(-10). Suppose -2*y + 325 = 4*v - 7*v, 5 = -5*y. Let c = v + k. What is the remainder when c is divided by 21?
18
Let u = 979 + -808. Let a = 340 - u. Calculate the remainder when a is divided by 29.
24
What is the remainder when ((-1)/6)/(7/(-21252)) is divided by 170?
166
Let p be (-4)/(-14) - 159/(-7). Let b = 25 - p. Suppose -4*v + 2*v + 10 = 0, -b*m = -v - 151. Calculate the remainder when m is divided by 20.
18
Suppose -3*d + 2388 + 1392 = 0. Suppose 7*f = 37*f - d. Calculate the remainder when f is divided by 16.
10
Let y(g) = g + 49. Let t(u) = 1. Let l(n) = 3*t(n) + y(n). Let o be l(-22). Suppose 0 = 5*i - 0*i - o. What is the remainder when 21 is divided by i?
3
Let w = -53 - -124. Suppose 0*s - 4*a = -2*s + 2, 0 = -4*s - 2*a - 26. Calculate the remainder when w is divided by -12*((-26)/4 - s).
17
Let y(v) = v**2 + v + 16. Suppose 8*u - 9471 = -943. Let d = u + -988. What is the remainder when d is divided by y(0)?
14
Let z(p) = -1019*p - 958. What is the remainder when 253 is divided by z(-1)?
9
Let d be 51/34 + (-167)/(-2). Suppose 16*c - 251 = d. Calculate the remainder when 144 is divided by c.
18
Calculate the remainder when (93 - 13)*(-20)/(-50) is divided by 29.
3
Suppose 0 = -129*l - 42*l + 11*l + 7360. Calculate the remainder when ((-4)/(-2))/2 - -173 is divided by l.
36
Suppose -4*m + 5*m - 44 = 0. Let j(h) = 11*h - 28. Let i be j(3). Suppose -i*y + 29 = 3*p - 15, 2*p - 4*y = m. What is the remainder when 35 is divided by p?
17
Let s = -7063 - -7075. Suppose 3*j = -4*t + 3*t + 12, 2*t + 3*j - 15 = 0. What is the remainder when s is divided by t?
0
Suppose 4*t = 120*s - 116*s - 9368, 4*s - 9353 = -t. What is the remainder when s is divided by 33?
29
Suppose 0 = -16*o + 11*o + 10. Suppose -2*r - 2*r = 2*t - 68, -5*t + 146 = -o*r. What is the remainder when t is divided by 11?
8
Let v = -1860 - -1883. Calculate the remainder when 1146 is divided by v.
19
Calculate the remainder when 1126 is divided by 2/7*11/22 + (-7683)/(-21).
28
Suppose 3*u = -5*k + 2665, -29*u + 526 = k - 27*u. Calculate the remainder when k is divided by 27.
23
Suppose -a - 2 = 0, 8*k = 5*k + 4*a + 71. Calculate the remainder when 48 is divided by (12/(-72) - (-26)/12) + k.
2
Let r(d) = 3*d + 36. Let b be (11/(-33))/((-2)/90). Suppose -3*f - 5*s + 15 = -10, -4*f + 3*s - b = 0. What is the remainder when 142 is divided by r(f)?
34
Suppose -3*p = 5*m + 1291 - 5888, -3*m + 2793 = -4*p. What is the remainder when m is divided by 151?
17
Let k be (-14)/(-7) + 2 - 2. Suppose 3*u = 4*p - 15 - 7, -3*p + 2 = 5*u. Calculate the remainder when 4*k/12 - 38/(-6) is divided by p.
3
Let l = -1979 + 2072. What is the remainder when l is divided by 83?
10
Suppose -18 = -3*u + 39. Suppose 2*y = -2*g - 3 + 5, -2*g - 6 = -2*y. Let o = y + 8. What is the remainder when u is divided by o?
9
Let z = -272 - -277. Suppose 5*f + 3*c + 0*c - 320 = 0, -c + 320 = z*f. Calculate the remainder when f is divided by 3.
1
Let f = 14611 + -13915. Calculate the remainder when 735 is divided by f.
39
Let j = 144 - 150. Let v(d) = 8*d + 58. Calculate the remainder when 57 is divided by v(j).
7
Suppose -7*m - 3168 = -9286. Let w = -607 + m. What is the remainder when w is divided by 45?
42
Let b(t) = -64*t - 40. Let y be b(-11). Let f = y - 649. What is the remainder when 1707 is divided by f?
12
Let k = 25309 + -22287. What is the remainder when k is divided by 755?
2
Let o = 18779 - 3990. What is the remainder when o is divided by 145?
144
Suppose -10*l + 838 - 555 = -687. What is the remainder when 1742 is divided by l?
93
Suppose -3*f + 5*d + 530 = 0, d - 323 = 222*f - 224*f. Calculate the remainder when 3792 is divided by f.
162
Let p(t) = -693*t + 12556. What is the remainder when 548 is divided by p(18)?
56
Calculate the remainder when 326 is divided by ((-39344)/108)/(-4) + (-2)/27.
53
Let n = 78 - 16. Let c(j) = j**2 + 4*j - 5. Let v be 2/6*(-17 + -4). What is the remainder when n is divided by c(v)?
14
Let o(a) = 2*a**2 + 5*a - 7. Let w be o(-6). Let j = 126 - w. Calculate the remainder when j is divided by 16.
11
Let k = 539 + -534. Suppose 3*j + 3*a = 486, a - 3*a = 2. Calculate the remainder when j is divided by k.
3
Suppose 3 + 19 = k - 2*v, -5*k + 95 = -5*v. What is the remainder when 380 is divided by k?
12
Let x = 231 - 114. Suppose 5*c - 187 = -x. What is the remainder when 41 is divided by c?
13
Suppose -3*a = 3*x - 333, 8*x = 4*x. Calculate the remainder when 148 is divided by a.
37
Let d be ((-12)/9)/(4/42). Let r(a) = -a**3 + 6*a**2 - 2. Calculate the remainder when (d/77 - (-4053)/(-33))*-1 is divided by r(3).
23
Let n = 82 - 26. Suppose -b = 16*b - 561. What is the remainder when n is divided by b?
23
Calculate the remainder when 5516 is divided by ((-5)/(-5))/(28/224).
4
Suppose -4*v = t + 3 + 8, 5*t - 3*v - 37 = 0. Suppose -12024 - 15024 = -28*m. Suppose 38*s - 59*s + m = 0. Calculate the remainder when s is divided by t.
1
Suppose z + 5*v = 21, 41*v + 119 = 3*z + 42*v. Calculate the remainder when 140 is divided by z.
17
Suppose k + 1720*v - 57 = 1725*v, 2*v + 10 = 0. What is the remainder when 134 is divided by k?
6
Let y(w) = -74*w - 416. Calculate the remainder when 308 is divided by y(-6).
0
Let z(o) = 2*o**3 + 6*o**2 - 12*o + 3. Suppose -2*m = -5*s + 2*s + 8, 2*s = 3*m + 7. Suppose -37 = -2*n + 113. What is the remainder when n is divided by z(s)?
18
Let m = -7364 - -7990. Calculate the remainder when 640 is divided by m.
14
Suppose 196 - 68 = 4*l. Let y(t) = -2 - 170*t**3 + 11*t**2 + 6*t - 167*t**3 + 336*t**3 - 32. Calculate the remainder when y(10) is divided by l.
30
Let s be ((-48)/(-60))/(((-4)/(-10))/1). Suppose -s*m + 19 = 5. Let r(h) = h**3 - 7*h**2 + 8*h - 42. What is the remainder when 66 is divided by r(m)?
10
Let s = -2326 + 3720. Calculate the remainder when s is divided by 93.
92
Let w(i) = i**3 + 8*i**2 - 9*i + 1. Let m be w(-9). Let o(a) = 10*a + 6 - m - 9 - a**2. Calculate the remainder when 23 is divided by o(9).
3
Suppose 5*m + 15 = 25. Suppose t + m - 3 = 0, 3*t = -2*b + 9. Suppose -20 = -b*x - 2. What is the remainder when 17 is divided by x?
5
Let s = 365 - 89. Let m(k) = 29*k**2 + 4*k. What is the remainder when m(-3) is divided by (44/6 - -1)/(46/s)?
49
Let l(q) = -2*q**3 + 79*q**2 - 39*q + 18. Let i(m) = 3*m + 54. Let s be i(-5). Let a = 14 + 20. What is the remainder when a is divided by l(s)?
16
Let t be 0 + 2/3 - (-51)/(-9). Let b(c) = -13*c - 18. What is the remainder when b(t) is divided by 22/(-99) - 184/(-18)?
7
Let w(k) = 15*k**2 - 6*k + 16. Let c be w(6). Calculate the remainder when 116 is divided by (-2)/(c/(-85) - -6).
14
Suppose -13*h + 9*h = -1568. Suppose -12*r = -h - 256. What is the remainder when r is divided by 14?
12
What is the remainder when 10 + (-156)/15 - (-3 + (-3051)/15) is divided by 36?
26
What is the remainder when (1954400/(-1600))/((-7)/4) is divided by 88?
82
Let o(l) = -4*l**2 - 34*l + 10. Let z be o(-5). Suppose 65*p - z*p = -150. Calculate the remainder when 42 is divided by p.
2
Let u = 9537 - 9523. Let j(k) = -139*k. Let i(l) = l**2 - 2*l - 1. Let p be i(2). Calculate the r